{"id":65,"date":"2023-05-21T13:54:36","date_gmt":"2023-05-21T13:54:36","guid":{"rendered":"https:\/\/hilarioranera.com\/?page_id=65"},"modified":"2023-05-21T14:20:04","modified_gmt":"2023-05-21T14:20:04","slug":"news","status":"publish","type":"page","link":"https:\/\/hilarioranera.com\/index.php\/news\/","title":{"rendered":"News"},"content":{"rendered":"<p>[et_pb_section fb_built=\u00bb1&#8243; custom_padding_last_edited=\u00bboff|desktop\u00bb admin_label=\u00bbHeader\u00bb _builder_version=\u00bb4.16&#8243; background_color_gradient_direction=\u00bb188deg\u00bb background_image=\u00bbhttps:\/\/hilarioranera.com\/wp-content\/uploads\/2023\/05\/art-gallery-55.jpg\u00bb background_size=\u00bbinitial\u00bb background_repeat=\u00bbrepeat\u00bb width=\u00bb100%\u00bb custom_padding_tablet=\u00bb5vw||5vw||true\u00bb global_colors_info=\u00bb{}\u00bb][et_pb_row column_structure=\u00bb1_3,1_3,1_3&#8243; custom_padding_last_edited=\u00bboff|phone\u00bb _builder_version=\u00bb4.16&#8243; background_position=\u00bbbottom_center\u00bb custom_padding_tablet=\u00bb17vw||17vw||false\u00bb use_custom_width=\u00bbon\u00bb width_unit=\u00bboff\u00bb custom_width_percent=\u00bb100%\u00bb locked=\u00bboff\u00bb global_colors_info=\u00bb{}\u00bb][et_pb_column type=\u00bb1_3&#8243; _builder_version=\u00bb4.16&#8243; custom_padding=\u00bb|||\u00bb global_colors_info=\u00bb{}\u00bb custom_padding__hover=\u00bb|||\u00bb][et_pb_text _builder_version=\u00bb4.16&#8243; text_font=\u00bb||||||||\u00bb header_font=\u00bb||||||||\u00bb header_2_font=\u00bbPrata|500|||||||\u00bb header_2_text_align=\u00bbleft\u00bb header_2_font_size=\u00bb56px\u00bb header_2_line_height=\u00bb1.3em\u00bb transform_translate_linked=\u00bboff\u00bb max_width=\u00bb100%\u00bb max_width_tablet=\u00bb70%\u00bb max_width_last_edited=\u00bboff|phone\u00bb header_2_font_size_tablet=\u00bb40px\u00bb header_2_font_size_phone=\u00bb26px\u00bb header_2_font_size_last_edited=\u00bbon|desktop\u00bb global_colors_info=\u00bb{}\u00bb]<\/p>\n<h2>Gallery Blog<\/h2>\n<p>[\/et_pb_text][\/et_pb_column][et_pb_column type=\u00bb1_3&#8243; _builder_version=\u00bb4.16&#8243; custom_padding=\u00bb|||\u00bb global_colors_info=\u00bb{}\u00bb custom_padding__hover=\u00bb|||\u00bb][et_pb_search show_button=\u00bboff\u00bb placeholder=\u00bbSearch\u00bb _builder_version=\u00bb4.16&#8243; button_font=\u00bb||||||||\u00bb form_field_font=\u00bb||||||||\u00bb max_width=\u00bb400px\u00bb custom_margin=\u00bb16px||\u00bb border_radii=\u00bbon|0px|0px|0px|0px\u00bb border_width_all=\u00bb0px\u00bb border_width_bottom=\u00bb1px\u00bb border_color_bottom=\u00bb#000000&#8243; global_colors_info=\u00bb{}\u00bb][\/et_pb_search][\/et_pb_column][et_pb_column type=\u00bb1_3&#8243; _builder_version=\u00bb4.16&#8243; custom_padding=\u00bb|||\u00bb global_colors_info=\u00bb{}\u00bb custom_padding__hover=\u00bb|||\u00bb][et_pb_text _builder_version=\u00bb4.16&#8243; text_font=\u00bb||||||||\u00bb text_font_size=\u00bb12px\u00bb text_line_height=\u00bb2em\u00bb link_font=\u00bb||||on||||\u00bb link_text_color=\u00bb#666666&#8243; header_font=\u00bb||||||||\u00bb header_text_align=\u00bbleft\u00bb header_3_font=\u00bb|700||on|||||\u00bb header_3_font_size=\u00bb12px\u00bb header_3_letter_spacing=\u00bb5px\u00bb header_3_line_height=\u00bb1.8em\u00bb text_orientation=\u00bbright\u00bb max_width_tablet=\u00bb70%\u00bb max_width_last_edited=\u00bboff|phone\u00bb animation_style=\u00bbzoom\u00bb animation_intensity_zoom=\u00bb5%\u00bb header_3_font_size_last_edited=\u00bboff|desktop\u00bb locked=\u00bboff\u00bb global_colors_info=\u00bb{}\u00bb]<\/p>\n<h3>Categories<\/h3>\n<p><a href=\"#\">Painting<\/a><br \/>\n<a href=\"#\">Ceramics<\/a><br \/>\n<a href=\"#\">Sculpture<\/a><br \/>\n<a href=\"#\">Events<\/a><br \/>\n<a href=\"#\">Series<\/a><br \/>\n<a href=\"#\">Artist Spotlights<\/a>[\/et_pb_text][\/et_pb_column][\/et_pb_row][et_pb_row _builder_version=\u00bb4.16&#8243; global_colors_info=\u00bb{}\u00bb][et_pb_column type=\u00bb4_4&#8243; _builder_version=\u00bb4.16&#8243; custom_padding=\u00bb|||\u00bb global_colors_info=\u00bb{}\u00bb custom_padding__hover=\u00bb|||\u00bb][et_pb_blog fullwidth=\u00bboff\u00bb posts_number=\u00bb9&#8243; show_more=\u00bbon\u00bb show_author=\u00bboff\u00bb show_date=\u00bboff\u00bb _builder_version=\u00bb4.21.0&#8243; header_level=\u00bbh3&#8243; header_font=\u00bb|700|||||||\u00bb header_font_size=\u00bb16px\u00bb header_line_height=\u00bb1.3em\u00bb body_font=\u00bb||||||||\u00bb body_text_align=\u00bbleft\u00bb body_font_size=\u00bb12px\u00bb meta_font=\u00bb|600|||||||\u00bb meta_text_align=\u00bbleft\u00bb meta_text_color=\u00bb#d1d1d1&#8243; meta_font_size=\u00bb12px\u00bb meta_line_height=\u00bb2em\u00bb read_more_font=\u00bb|700|||||||\u00bb read_more_text_color=\u00bb#ffa03c\u00bb pagination_font=\u00bb|700||on|||||\u00bb pagination_text_color=\u00bb#000000&#8243; pagination_letter_spacing=\u00bb2px\u00bb hover_enabled=\u00bb0&#8243; header_font_size_tablet=\u00bb\u00bb header_font_size_phone=\u00bb\u00bb header_font_size_last_edited=\u00bbon|desktop\u00bb border_width_all=\u00bb0px\u00bb global_colors_info=\u00bb{}\u00bb sticky_enabled=\u00bb0&#8243;][\/et_pb_blog][\/et_pb_column][\/et_pb_row][\/et_pb_section][et_pb_section fb_built=\u00bb1&#8243; admin_label=\u00bbFooter\u00bb _builder_version=\u00bb4.16&#8243; background_size=\u00bbinitial\u00bb background_repeat=\u00bbrepeat-y\u00bb custom_padding=\u00bb0px|||||\u00bb saved_tabs=\u00bball\u00bb locked=\u00bboff\u00bb global_colors_info=\u00bb{}\u00bb][et_pb_row column_structure=\u00bb1_4,1_4,1_4,1_4&#8243; use_custom_gutter=\u00bbon\u00bb gutter_width=\u00bb2&#8243; _builder_version=\u00bb4.16&#8243; border_width_top=\u00bb2px\u00bb global_colors_info=\u00bb{}\u00bb][et_pb_column type=\u00bb1_4&#8243; _builder_version=\u00bb4.16&#8243; custom_padding=\u00bb|||\u00bb global_colors_info=\u00bb{}\u00bb custom_padding__hover=\u00bb|||\u00bb][et_pb_text _builder_version=\u00bb4.16&#8243; text_font=\u00bb||||||||\u00bb text_font_size=\u00bb12px\u00bb text_line_height=\u00bb2em\u00bb link_font=\u00bb||||on||||\u00bb link_text_color=\u00bb#666666&#8243; header_font=\u00bb||||||||\u00bb header_text_align=\u00bbleft\u00bb header_3_font=\u00bb|700||on|||||\u00bb header_3_font_size=\u00bb12px\u00bb header_3_letter_spacing=\u00bb5px\u00bb header_3_line_height=\u00bb1.8em\u00bb max_width_tablet=\u00bb70%\u00bb max_width_last_edited=\u00bboff|phone\u00bb header_3_font_size_tablet=\u00bb\u00bb header_3_font_size_phone=\u00bb\u00bb header_3_font_size_last_edited=\u00bbon|desktop\u00bb locked=\u00bboff\u00bb global_colors_info=\u00bb{}\u00bb]<\/p>\n<h3>Address<\/h3>\n<p>1234 Divi St. #1000<br \/> San Francisco, CA 23514, USA<br \/> (246) 351-3613<\/p>\n<p>[\/et_pb_text][et_pb_button button_text=\u00bbVisit Us\u00bb _builder_version=\u00bb4.16&#8243; custom_button=\u00bbon\u00bb button_text_size=\u00bb14px\u00bb button_text_color=\u00bb#000000&#8243; button_bg_color=\u00bbrgba(0,0,0,0)\u00bb button_border_width=\u00bb0px\u00bb button_border_radius=\u00bb0px\u00bb button_font=\u00bb|700|||||||\u00bb custom_margin_tablet=\u00bb0px|0px||\u00bb custom_margin_phone=\u00bb|0px||\u00bb custom_margin_last_edited=\u00bboff|desktop\u00bb custom_padding=\u00bb6px|0px|6px|0px|true|true\u00bb box_shadow_style=\u00bbpreset4&#8243; box_shadow_horizontal=\u00bb0px\u00bb box_shadow_vertical=\u00bb1px\u00bb box_shadow_color=\u00bb#000000&#8243; locked=\u00bboff\u00bb global_colors_info=\u00bb{}\u00bb][\/et_pb_button][\/et_pb_column][et_pb_column type=\u00bb1_4&#8243; _builder_version=\u00bb4.16&#8243; custom_padding=\u00bb|||\u00bb global_colors_info=\u00bb{}\u00bb custom_padding__hover=\u00bb|||\u00bb][et_pb_text _builder_version=\u00bb4.16&#8243; text_font=\u00bb||||||||\u00bb text_font_size=\u00bb12px\u00bb text_line_height=\u00bb2em\u00bb link_font=\u00bb||||on||||\u00bb link_text_color=\u00bb#666666&#8243; header_font=\u00bb||||||||\u00bb header_text_align=\u00bbleft\u00bb header_3_font=\u00bb|700||on|||||\u00bb header_3_font_size=\u00bb12px\u00bb header_3_letter_spacing=\u00bb5px\u00bb header_3_line_height=\u00bb1.8em\u00bb max_width_tablet=\u00bb70%\u00bb max_width_last_edited=\u00bboff|phone\u00bb header_3_font_size_tablet=\u00bb\u00bb header_3_font_size_phone=\u00bb\u00bb header_3_font_size_last_edited=\u00bbon|desktop\u00bb locked=\u00bboff\u00bb global_colors_info=\u00bb{}\u00bb]<\/p>\n<h3>Open Hours<\/h3>\n<p>Monday &#8211; Friday: 10am \u2013 5pm<br \/> Weekends: 10am \u2013 9pm<br \/> Holidays: Closed<\/p>\n<p>[\/et_pb_text][et_pb_button button_text=\u00bbShop\u00bb _builder_version=\u00bb4.16&#8243; custom_button=\u00bbon\u00bb button_text_size=\u00bb14px\u00bb button_text_color=\u00bb#000000&#8243; button_bg_color=\u00bbrgba(0,0,0,0)\u00bb button_border_width=\u00bb0px\u00bb button_border_radius=\u00bb0px\u00bb button_font=\u00bb|700|||||||\u00bb custom_margin_tablet=\u00bb0px|0px||\u00bb custom_margin_phone=\u00bb|0px||\u00bb custom_margin_last_edited=\u00bboff|desktop\u00bb custom_padding=\u00bb6px|0px|6px|0px|true|true\u00bb box_shadow_style=\u00bbpreset4&#8243; box_shadow_horizontal=\u00bb0px\u00bb box_shadow_vertical=\u00bb1px\u00bb box_shadow_color=\u00bb#000000&#8243; locked=\u00bboff\u00bb global_colors_info=\u00bb{}\u00bb][\/et_pb_button][et_pb_button button_text=\u00bbToday&#8217;s Events\u00bb _builder_version=\u00bb4.16&#8243; custom_button=\u00bbon\u00bb button_text_size=\u00bb14px\u00bb button_text_color=\u00bb#000000&#8243; button_bg_color=\u00bbrgba(0,0,0,0)\u00bb button_border_width=\u00bb0px\u00bb button_border_radius=\u00bb0px\u00bb button_font=\u00bb|700|||||||\u00bb custom_margin_tablet=\u00bb0px|0px||\u00bb custom_margin_phone=\u00bb|0px||\u00bb custom_margin_last_edited=\u00bboff|desktop\u00bb custom_padding=\u00bb6px|0px|6px|0px|true|true\u00bb box_shadow_style=\u00bbpreset4&#8243; box_shadow_horizontal=\u00bb0px\u00bb box_shadow_vertical=\u00bb1px\u00bb box_shadow_color=\u00bb#000000&#8243; locked=\u00bboff\u00bb global_colors_info=\u00bb{}\u00bb][\/et_pb_button][\/et_pb_column][et_pb_column type=\u00bb1_4&#8243; _builder_version=\u00bb4.16&#8243; custom_padding=\u00bb|||\u00bb global_colors_info=\u00bb{}\u00bb custom_padding__hover=\u00bb|||\u00bb][et_pb_text _builder_version=\u00bb4.16&#8243; text_font=\u00bb||||||||\u00bb text_font_size=\u00bb12px\u00bb text_line_height=\u00bb2em\u00bb link_font=\u00bb||||on||||\u00bb link_text_color=\u00bb#666666&#8243; header_font=\u00bb||||||||\u00bb header_text_align=\u00bbleft\u00bb header_2_font=\u00bb||||||||\u00bb header_3_font=\u00bb|700||on|||||\u00bb header_3_font_size=\u00bb12px\u00bb header_3_letter_spacing=\u00bb5px\u00bb header_3_line_height=\u00bb1.8em\u00bb max_width_tablet=\u00bb70%\u00bb max_width_last_edited=\u00bboff|phone\u00bb header_3_font_size_tablet=\u00bb\u00bb header_3_font_size_phone=\u00bb\u00bb header_3_font_size_last_edited=\u00bbon|desktop\u00bb locked=\u00bboff\u00bb global_colors_info=\u00bb{}\u00bb]<\/p>\n<h3>Follow<\/h3>\n<p>[\/et_pb_text][et_pb_social_media_follow _builder_version=\u00bb4.16&#8243; custom_margin=\u00bb-20px|||-10px\u00bb custom_margin_tablet=\u00bb\u00bb custom_margin_phone=\u00bb-20px||\u00bb custom_margin_last_edited=\u00bbon|desktop\u00bb filter_invert=\u00bb100%\u00bb locked=\u00bboff\u00bb global_colors_info=\u00bb{}\u00bb icon_color__hover=\u00bb#e02b20&#8243;][et_pb_social_media_follow_network social_network=\u00bbfacebook\u00bb _builder_version=\u00bb4.16&#8243; global_colors_info=\u00bb{}\u00bb follow_button=\u00bboff\u00bb url_new_window=\u00bbon\u00bb]facebook[\/et_pb_social_media_follow_network][et_pb_social_media_follow_network social_network=\u00bbtwitter\u00bb _builder_version=\u00bb4.16&#8243; global_colors_info=\u00bb{}\u00bb follow_button=\u00bboff\u00bb url_new_window=\u00bbon\u00bb]twitter[\/et_pb_social_media_follow_network][et_pb_social_media_follow_network social_network=\u00bbgoogle-plus\u00bb _builder_version=\u00bb4.16&#8243; global_colors_info=\u00bb{}\u00bb follow_button=\u00bboff\u00bb url_new_window=\u00bbon\u00bb]google-plus[\/et_pb_social_media_follow_network][et_pb_social_media_follow_network social_network=\u00bbinstagram\u00bb _builder_version=\u00bb4.16&#8243; global_colors_info=\u00bb{}\u00bb follow_button=\u00bboff\u00bb url_new_window=\u00bbon\u00bb]instagram[\/et_pb_social_media_follow_network][\/et_pb_social_media_follow][\/et_pb_column][et_pb_column type=\u00bb1_4&#8243; _builder_version=\u00bb4.16&#8243; custom_padding=\u00bb|||\u00bb global_colors_info=\u00bb{}\u00bb custom_padding__hover=\u00bb|||\u00bb][et_pb_text _builder_version=\u00bb4.16&#8243; text_font=\u00bb||||||||\u00bb text_font_size=\u00bb12px\u00bb text_line_height=\u00bb2em\u00bb link_font=\u00bb||||on||||\u00bb link_text_color=\u00bb#666666&#8243; header_font=\u00bb||||||||\u00bb header_text_align=\u00bbleft\u00bb header_3_font=\u00bb|700||on|||||\u00bb header_3_font_size=\u00bb12px\u00bb header_3_letter_spacing=\u00bb5px\u00bb header_3_line_height=\u00bb1.8em\u00bb max_width_tablet=\u00bb70%\u00bb max_width_last_edited=\u00bboff|phone\u00bb header_3_font_size_tablet=\u00bb\u00bb header_3_font_size_phone=\u00bb\u00bb header_3_font_size_last_edited=\u00bbon|desktop\u00bb locked=\u00bboff\u00bb global_colors_info=\u00bb{}\u00bb]<\/p>\n<h3>Subscribe<\/h3>\n<p>[\/et_pb_text][et_pb_signup mailchimp_list=\u00bbSlavaET|11a914d1cc\u00bb first_name_field=\u00bboff\u00bb last_name_field=\u00bboff\u00bb _builder_version=\u00bb4.16&#8243; form_field_background_color=\u00bb#f3f3f4&#8243; form_field_custom_padding=\u00bb12px||12px||true\u00bb header_font=\u00bb|||on|||||\u00bb header_font_size=\u00bb14px\u00bb header_letter_spacing=\u00bb5px\u00bb header_line_height=\u00bb1.8em\u00bb form_field_font=\u00bb||||||||\u00bb form_field_font_size=\u00bb14px\u00bb use_background_color=\u00bboff\u00bb custom_button=\u00bbon\u00bb button_text_size=\u00bb14px\u00bb button_text_color=\u00bb#ffffff\u00bb button_bg_color=\u00bb#000000&#8243; button_border_width=\u00bb0px\u00bb button_border_radius=\u00bb0px\u00bb button_font=\u00bb|700|||||||\u00bb button_custom_padding=\u00bb12px||12px||true\u00bb background_layout=\u00bblight\u00bb custom_margin=\u00bb-39px||\u00bb border_radii_fields=\u00bbon|0px|0px|0px|0px\u00bb locked=\u00bboff\u00bb global_colors_info=\u00bb{}\u00bb][\/et_pb_signup][\/et_pb_column][\/et_pb_row][\/et_pb_section]<\/p>\n","protected":false},"excerpt":{"rendered":"<p>Gallery BlogCategories Painting Ceramics Sculpture Events Series Artist SpotlightsAddress 1234 Divi St. #1000 San Francisco, CA 23514, USA (246) 351-3613Open Hours Monday &#8211; Friday: 10am \u2013 5pm Weekends: 10am \u2013 9pm Holidays: ClosedFollowSubscribe<\/p>\n","protected":false},"author":1,"featured_media":0,"parent":0,"menu_order":0,"comment_status":"closed","ping_status":"closed","template":"","meta":{"_et_pb_use_builder":"on","_et_pb_old_content":"<!-- wp:divi\/placeholder \/-->","_et_gb_content_width":"","_joinchat":[],"footnotes":""},"class_list":["post-65","page","type-page","status-publish","hentry"],"yoast_head":"<!-- This site is optimized with the Yoast SEO plugin v27.4 - https:\/\/yoast.com\/product\/yoast-seo-wordpress\/ -->\n<title>News - Hilario Ranera<\/title>\n<meta name=\"robots\" content=\"index, follow, max-snippet:-1, max-image-preview:large, max-video-preview:-1\" \/>\n<link rel=\"canonical\" href=\"https:\/\/hilarioranera.com\/index.php\/news\/\" \/>\n<meta property=\"og:locale\" content=\"es_ES\" \/>\n<meta property=\"og:type\" content=\"article\" \/>\n<meta property=\"og:title\" content=\"News - Hilario Ranera\" \/>\n<meta property=\"og:description\" content=\"Gallery BlogCategories Painting Ceramics Sculpture Events Series Artist SpotlightsAddress 1234 Divi St. #1000 San Francisco, CA 23514, USA (246) 351-3613Open Hours Monday - Friday: 10am \u2013 5pm Weekends: 10am \u2013 9pm Holidays: ClosedFollowSubscribe\" \/>\n<meta property=\"og:url\" content=\"https:\/\/hilarioranera.com\/index.php\/news\/\" \/>\n<meta property=\"og:site_name\" content=\"Hilario Ranera\" \/>\n<meta property=\"article:publisher\" content=\"https:\/\/www.facebook.com\/hraneragarciaconde\/?locale=es_ES\" \/>\n<meta property=\"article:modified_time\" content=\"2023-05-21T14:20:04+00:00\" \/>\n<meta property=\"og:image\" content=\"https:\/\/hilarioranera.com\/wp-content\/uploads\/2023\/05\/logo_hilario.jpg\" \/>\n\t<meta property=\"og:image:width\" content=\"300\" \/>\n\t<meta property=\"og:image:height\" content=\"120\" \/>\n\t<meta property=\"og:image:type\" content=\"image\/jpeg\" \/>\n<meta name=\"twitter:card\" content=\"summary_large_image\" \/>\n<meta name=\"twitter:site\" content=\"@hranera\" \/>\n<meta name=\"twitter:label1\" content=\"Tiempo de lectura\" \/>\n\t<meta name=\"twitter:data1\" content=\"7 minutos\" \/>\n<script type=\"application\/ld+json\" class=\"yoast-schema-graph\">{\"@context\":\"https:\\\/\\\/schema.org\",\"@graph\":[{\"@type\":\"WebPage\",\"@id\":\"https:\\\/\\\/hilarioranera.com\\\/index.php\\\/news\\\/\",\"url\":\"https:\\\/\\\/hilarioranera.com\\\/index.php\\\/news\\\/\",\"name\":\"News - Hilario Ranera\",\"isPartOf\":{\"@id\":\"https:\\\/\\\/hilarioranera.com\\\/#website\"},\"datePublished\":\"2023-05-21T13:54:36+00:00\",\"dateModified\":\"2023-05-21T14:20:04+00:00\",\"breadcrumb\":{\"@id\":\"https:\\\/\\\/hilarioranera.com\\\/index.php\\\/news\\\/#breadcrumb\"},\"inLanguage\":\"es\",\"potentialAction\":[{\"@type\":\"ReadAction\",\"target\":[\"https:\\\/\\\/hilarioranera.com\\\/index.php\\\/news\\\/\"]}]},{\"@type\":\"BreadcrumbList\",\"@id\":\"https:\\\/\\\/hilarioranera.com\\\/index.php\\\/news\\\/#breadcrumb\",\"itemListElement\":[{\"@type\":\"ListItem\",\"position\":1,\"name\":\"Portada\",\"item\":\"https:\\\/\\\/hilarioranera.com\\\/\"},{\"@type\":\"ListItem\",\"position\":2,\"name\":\"News\"}]},{\"@type\":\"WebSite\",\"@id\":\"https:\\\/\\\/hilarioranera.com\\\/#website\",\"url\":\"https:\\\/\\\/hilarioranera.com\\\/\",\"name\":\"Hilario Ranera\",\"description\":\"Explora un universo creativo \u00fanico a trav\u00e9s de mi arte multidisciplinario. Emociones y colores se entrelazan para inspirarte en un viaje art\u00edstico que trasciende las fronteras culturales. \u00a1Bienvenido a mi mundo de creatividad y conexi\u00f3n!&quot;\",\"publisher\":{\"@id\":\"https:\\\/\\\/hilarioranera.com\\\/#\\\/schema\\\/person\\\/0b0b34482f0574b29723dff9358e78ea\"},\"potentialAction\":[{\"@type\":\"SearchAction\",\"target\":{\"@type\":\"EntryPoint\",\"urlTemplate\":\"https:\\\/\\\/hilarioranera.com\\\/?s={search_term_string}\"},\"query-input\":{\"@type\":\"PropertyValueSpecification\",\"valueRequired\":true,\"valueName\":\"search_term_string\"}}],\"inLanguage\":\"es\"},{\"@type\":[\"Person\",\"Organization\"],\"@id\":\"https:\\\/\\\/hilarioranera.com\\\/#\\\/schema\\\/person\\\/0b0b34482f0574b29723dff9358e78ea\",\"name\":\"admin\",\"image\":{\"@type\":\"ImageObject\",\"inLanguage\":\"es\",\"@id\":\"https:\\\/\\\/hilarioranera.com\\\/wp-content\\\/uploads\\\/2023\\\/05\\\/logo_hilario.jpg\",\"url\":\"https:\\\/\\\/hilarioranera.com\\\/wp-content\\\/uploads\\\/2023\\\/05\\\/logo_hilario.jpg\",\"contentUrl\":\"https:\\\/\\\/hilarioranera.com\\\/wp-content\\\/uploads\\\/2023\\\/05\\\/logo_hilario.jpg\",\"width\":300,\"height\":120,\"caption\":\"admin\"},\"logo\":{\"@id\":\"https:\\\/\\\/hilarioranera.com\\\/wp-content\\\/uploads\\\/2023\\\/05\\\/logo_hilario.jpg\"},\"description\":\"Soy un artista autodidacta y multidisciplinar, mi visi\u00f3n del arte es una evoluci\u00f3n constante. A trav\u00e9s de la pintura, la fotograf\u00eda digital, la escultura y la obra gr\u00e1fica, exploro la creatividad como el fundamento de mis obras, buscando expresar emociones, ideas y perspectivas de una manera \u00fanica y cautivadora. En mi viaje art\u00edstico, experiment\u00f3 con diferentes formas, t\u00e9cnicas y medios para despertar la imaginaci\u00f3n y provocar una conexi\u00f3n con el espectador. Mi objetivo es divulgar im\u00e1genes por internet, creando un lenguaje m\u00e1s universal a trav\u00e9s de las redes sociales. Creo firmemente que el arte tiene el poder de unirnos a nivel profundo, superando las diferencias culturales. Mis obras reflejan c\u00f3mo percibimos la realidad seg\u00fan nuestro estado de \u00e1nimo, inspiradas por la naturaleza. Observa c\u00f3mo los colores pueden transformar nuestra percepci\u00f3n del mundo, especialmente durante mis paseos por el campo y la playa. Capturo esos momentos m\u00e1gicos en los que el mundo exterior se fusiona con nuestros sentimientos internos, creando una nueva interpretaci\u00f3n de la realidad. Espero que disfruten de esta experiencia art\u00edstica y que juntos podamos explorar c\u00f3mo el arte puede ser un puente entre diferentes culturas y emociones, construyendo un mundo m\u00e1s conectado a trav\u00e9s de la creatividad.\",\"sameAs\":[\"https:\\\/\\\/hilarioranera.com\",\"https:\\\/\\\/www.facebook.com\\\/hraneragarciaconde\\\/?locale=es_ES\",\"https:\\\/\\\/www.instagram.com\\\/hilarioraneragarciaconde\\\/\",\"https:\\\/\\\/www.linkedin.com\\\/in\\\/hilario-ranera-garca-conde-08361a1b\\\/?originalSubdomain=es\",\"https:\\\/\\\/x.com\\\/https:\\\/\\\/twitter.com\\\/hranera\"]}]}<\/script>\n<!-- \/ Yoast SEO plugin. -->","yoast_head_json":{"title":"News - Hilario Ranera","robots":{"index":"index","follow":"follow","max-snippet":"max-snippet:-1","max-image-preview":"max-image-preview:large","max-video-preview":"max-video-preview:-1"},"canonical":"https:\/\/hilarioranera.com\/index.php\/news\/","og_locale":"es_ES","og_type":"article","og_title":"News - Hilario Ranera","og_description":"Gallery BlogCategories Painting Ceramics Sculpture Events Series Artist SpotlightsAddress 1234 Divi St. #1000 San Francisco, CA 23514, USA (246) 351-3613Open Hours Monday - Friday: 10am \u2013 5pm Weekends: 10am \u2013 9pm Holidays: ClosedFollowSubscribe","og_url":"https:\/\/hilarioranera.com\/index.php\/news\/","og_site_name":"Hilario Ranera","article_publisher":"https:\/\/www.facebook.com\/hraneragarciaconde\/?locale=es_ES","article_modified_time":"2023-05-21T14:20:04+00:00","og_image":[{"width":300,"height":120,"url":"https:\/\/hilarioranera.com\/wp-content\/uploads\/2023\/05\/logo_hilario.jpg","type":"image\/jpeg"}],"twitter_card":"summary_large_image","twitter_site":"@hranera","twitter_misc":{"Tiempo de lectura":"7 minutos"},"schema":{"@context":"https:\/\/schema.org","@graph":[{"@type":"WebPage","@id":"https:\/\/hilarioranera.com\/index.php\/news\/","url":"https:\/\/hilarioranera.com\/index.php\/news\/","name":"News - Hilario Ranera","isPartOf":{"@id":"https:\/\/hilarioranera.com\/#website"},"datePublished":"2023-05-21T13:54:36+00:00","dateModified":"2023-05-21T14:20:04+00:00","breadcrumb":{"@id":"https:\/\/hilarioranera.com\/index.php\/news\/#breadcrumb"},"inLanguage":"es","potentialAction":[{"@type":"ReadAction","target":["https:\/\/hilarioranera.com\/index.php\/news\/"]}]},{"@type":"BreadcrumbList","@id":"https:\/\/hilarioranera.com\/index.php\/news\/#breadcrumb","itemListElement":[{"@type":"ListItem","position":1,"name":"Portada","item":"https:\/\/hilarioranera.com\/"},{"@type":"ListItem","position":2,"name":"News"}]},{"@type":"WebSite","@id":"https:\/\/hilarioranera.com\/#website","url":"https:\/\/hilarioranera.com\/","name":"Hilario Ranera","description":"Explora un universo creativo \u00fanico a trav\u00e9s de mi arte multidisciplinario. Emociones y colores se entrelazan para inspirarte en un viaje art\u00edstico que trasciende las fronteras culturales. \u00a1Bienvenido a mi mundo de creatividad y conexi\u00f3n!&quot;","publisher":{"@id":"https:\/\/hilarioranera.com\/#\/schema\/person\/0b0b34482f0574b29723dff9358e78ea"},"potentialAction":[{"@type":"SearchAction","target":{"@type":"EntryPoint","urlTemplate":"https:\/\/hilarioranera.com\/?s={search_term_string}"},"query-input":{"@type":"PropertyValueSpecification","valueRequired":true,"valueName":"search_term_string"}}],"inLanguage":"es"},{"@type":["Person","Organization"],"@id":"https:\/\/hilarioranera.com\/#\/schema\/person\/0b0b34482f0574b29723dff9358e78ea","name":"admin","image":{"@type":"ImageObject","inLanguage":"es","@id":"https:\/\/hilarioranera.com\/wp-content\/uploads\/2023\/05\/logo_hilario.jpg","url":"https:\/\/hilarioranera.com\/wp-content\/uploads\/2023\/05\/logo_hilario.jpg","contentUrl":"https:\/\/hilarioranera.com\/wp-content\/uploads\/2023\/05\/logo_hilario.jpg","width":300,"height":120,"caption":"admin"},"logo":{"@id":"https:\/\/hilarioranera.com\/wp-content\/uploads\/2023\/05\/logo_hilario.jpg"},"description":"Soy un artista autodidacta y multidisciplinar, mi visi\u00f3n del arte es una evoluci\u00f3n constante. A trav\u00e9s de la pintura, la fotograf\u00eda digital, la escultura y la obra gr\u00e1fica, exploro la creatividad como el fundamento de mis obras, buscando expresar emociones, ideas y perspectivas de una manera \u00fanica y cautivadora. En mi viaje art\u00edstico, experiment\u00f3 con diferentes formas, t\u00e9cnicas y medios para despertar la imaginaci\u00f3n y provocar una conexi\u00f3n con el espectador. Mi objetivo es divulgar im\u00e1genes por internet, creando un lenguaje m\u00e1s universal a trav\u00e9s de las redes sociales. Creo firmemente que el arte tiene el poder de unirnos a nivel profundo, superando las diferencias culturales. Mis obras reflejan c\u00f3mo percibimos la realidad seg\u00fan nuestro estado de \u00e1nimo, inspiradas por la naturaleza. Observa c\u00f3mo los colores pueden transformar nuestra percepci\u00f3n del mundo, especialmente durante mis paseos por el campo y la playa. Capturo esos momentos m\u00e1gicos en los que el mundo exterior se fusiona con nuestros sentimientos internos, creando una nueva interpretaci\u00f3n de la realidad. Espero que disfruten de esta experiencia art\u00edstica y que juntos podamos explorar c\u00f3mo el arte puede ser un puente entre diferentes culturas y emociones, construyendo un mundo m\u00e1s conectado a trav\u00e9s de la creatividad.","sameAs":["https:\/\/hilarioranera.com","https:\/\/www.facebook.com\/hraneragarciaconde\/?locale=es_ES","https:\/\/www.instagram.com\/hilarioraneragarciaconde\/","https:\/\/www.linkedin.com\/in\/hilario-ranera-garca-conde-08361a1b\/?originalSubdomain=es","https:\/\/x.com\/https:\/\/twitter.com\/hranera"]}]}},"_links":{"self":[{"href":"https:\/\/hilarioranera.com\/index.php\/wp-json\/wp\/v2\/pages\/65","targetHints":{"allow":["GET"]}}],"collection":[{"href":"https:\/\/hilarioranera.com\/index.php\/wp-json\/wp\/v2\/pages"}],"about":[{"href":"https:\/\/hilarioranera.com\/index.php\/wp-json\/wp\/v2\/types\/page"}],"author":[{"embeddable":true,"href":"https:\/\/hilarioranera.com\/index.php\/wp-json\/wp\/v2\/users\/1"}],"replies":[{"embeddable":true,"href":"https:\/\/hilarioranera.com\/index.php\/wp-json\/wp\/v2\/comments?post=65"}],"version-history":[{"count":8,"href":"https:\/\/hilarioranera.com\/index.php\/wp-json\/wp\/v2\/pages\/65\/revisions"}],"predecessor-version":[{"id":121,"href":"https:\/\/hilarioranera.com\/index.php\/wp-json\/wp\/v2\/pages\/65\/revisions\/121"}],"wp:attachment":[{"href":"https:\/\/hilarioranera.com\/index.php\/wp-json\/wp\/v2\/media?parent=65"}],"curies":[{"name":"wp","href":"https:\/\/api.w.org\/{rel}","templated":true}]}}